Calculate the highest common divisor of i and n.
1
Let k(x) = x**3 - 14*x**2 + 16*x - 22. Let b be (-13*9/(-36))/(1/4). Let f be k(b). What is the highest common factor of f and 68?
17
Suppose -5*p - 948 = 2727. Let j = p - -813. Calculate the highest common factor of j and 42.
6
Let c = -5382 - -5416. Let r(i) = 60*i**2 + i. Let h be r(-2). What is the highest common factor of h and c?
34
Suppose -1664*g + 1626*g = -2736. Let c be (-96)/8*-1*4. What is the greatest common factor of c and g?
24
Let n be 9*24*((-27)/168 - (-88)/308). Let u be (-10*2)/(2/(-9)). What is the greatest common factor of u and n?
9
Let k(x) = 93*x**2 + 91*x + 90. Let o be k(-1). What is the greatest common divisor of o and 253?
23
Let u be (-14)/(-91) - (-7923)/(-39). Let a = u + 278. Calculate the highest common factor of 45 and a.
15
Suppose 155*p - 158*p + 62 = 5*b, -2*b - 20 = -2*p. Calculate the greatest common factor of p and 334.
2
Let f = -105 - -172. Suppose -f = -o + b, 4*o + 2*b = 7*o - 196. Calculate the highest common divisor of o and 1054.
62
Suppose -h - 393 = -5*b, 2*b - 2*h - 175 = -29. Calculate the highest common divisor of b and 110.
10
Suppose -39*j = -44*j + 15. Suppose 0*s + 3*s - 252 = u, -j*s + 252 = 3*u. Let q = 75 - 19. What is the highest common divisor of q and s?
28
Let u(x) = 2*x - 13 - 4 - 18. Let c be u(16). Let m be ((-5)/c)/(2/6). What is the greatest common divisor of m and 5?
5
Let c = 1156 - 1076. What is the highest common divisor of 704 and c?
16
Let m = 24 + -73. Let g = m + 81. Let o = -22 + g. Calculate the greatest common factor of 30 and o.
10
Let l = -14490 + 14864. What is the highest common factor of l and 918?
34
Let f(b) = -4*b - 14. Let g(r) = r + 5. Let h(u) = -6*f(u) - 17*g(u). Let z be h(4). Let y = z + -5. What is the greatest common divisor of y and 33?
11
Let k(f) = -f**3 - 7*f**2 - 3*f + 1. Let m be k(-4). Let l = m + 65. Suppose 11*a = 25*a - 12*a - 80. Calculate the highest common divisor of l and a.
10
Let c be (-231819)/16268*(-3*1 + 1)*1074. Calculate the highest common divisor of c and 171.
171
Let h(i) = -8*i - 36. Let r be h(-5). Suppose -3*v - 2 + 25 = 4*s, -r*s - 13 = -v. What is the greatest common factor of v and 171?
9
Let q(x) = -9*x - 74. Let r be q(-23). Suppose 5*m + r = 24*m. Calculate the highest common factor of m and 91.
7
Suppose 3*a - 5*a - 7 = m, -40 = 5*a - 5*m. Let z(f) = -7*f**2 - 47*f - 12. Let u be z(a). Calculate the greatest common factor of u and 480.
48
Let y = 65 + 23. Let a(j) = -7*j - 12. Let u be a(-6). Let z = -19 + u. What is the highest common divisor of z and y?
11
Suppose 456 = -6*a + 8*a. Let r(q) = 2*q**2 + 61*q + 99. Let u be r(-29). Calculate the greatest common divisor of a and u.
12
Let o be (-57)/38 - ((-6939)/24 - (-3)/(-8)). Calculate the highest common factor of o and 504.
72
Let c(j) = j - 1. Let n(q) = -2*q + 56. Let x(s) = 2*c(s) - n(s). Let m be x(22). Calculate the greatest common divisor of 120 and m.
30
Suppose m = -43*v + 40*v + 5814, 0 = 2*v + 16. Calculate the greatest common factor of m and 105.
21
Suppose g - 146 = -2*o, -2*g - 5*o + 325 = 28. Calculate the highest common factor of g and 578.
34
Let g(b) = 8*b**2 - 130*b - 2303. Let u be g(-11). Let y be -2*1/4*-38. What is the highest common divisor of y and u?
19
Let k be (4*(-26)/(-16) - 8)*544/(-12). Calculate the greatest common factor of 3213 and k.
17
Let x(u) = -447*u**3 - 66*u**2 - 85*u - 18. Let s be x(-1). Let a(i) = 10*i**2 - 3*i + 3. Let n be a(3). What is the highest common divisor of n and s?
28
Let i(u) = -u**3 - u + 1. Let h be i(-2). Let t be (31 - -12)/(2/10). Suppose 4*a = -n + 615 - t, 0 = -2*n + 8. Calculate the highest common factor of a and h.
11
Let m be (-10)/(-2)*(-6 + 7). Suppose 11*k = m*k + 30. Suppose 2*v = -c + 102, 5*c - 265 = -k*v - 0*c. What is the greatest common factor of v and 7?
7
Let g be (-105)/126 - (-37594)/12. What is the greatest common factor of 108 and g?
108
Let d be (-3)/(-9) - (-3784)/6. Let t = -2834 - -2836. Suppose -112 = 3*i + 3*j - d, -j = -t*i + 337. Calculate the highest common factor of 17 and i.
17
Suppose -35*u + 40*u = 930. Calculate the greatest common factor of 837 and u.
93
Let h(d) = 48*d - 1219. Let y be h(28). Suppose -o = o - 200. Calculate the greatest common divisor of y and o.
25
Let f = -182 + 26. Let p = 162 + f. Calculate the highest common divisor of p and 138.
6
Let d = -34 + 49. Suppose 37*a - 42*a = -d. Suppose a*z - 33 = 6. Calculate the greatest common factor of 52 and z.
13
Suppose 0 = -3*h - 7 - 5. Let t(j) = -j - 7*j**2 - 6*j**2 + 10*j**2 + 403*j**3 - 2 - 404*j**3. Let n be t(h). Calculate the highest common divisor of 27 and n.
9
Let b(q) = 5*q**2 + 7*q + 8. Let g be b(6). Suppose -208*l - 166*l + 109*l + 12190 = 0. Calculate the highest common divisor of l and g.
46
Let t = 292 - -1268. What is the highest common divisor of 375 and t?
15
Suppose 7*w + 1623 = 3*l + 4*w, 0 = l - 2*w - 542. Suppose -2*j - l = -5*j. What is the greatest common factor of 40 and j?
20
Suppose 2*h - 399 = -h. Suppose 8944 - 8754 = 4*k + 6*k. Calculate the greatest common divisor of k and h.
19
Suppose j = -4*f + 258, 746 = 3*j + 37*f - 39*f. What is the highest common divisor of j and 3350?
50
Suppose 49 = 3*c - 3767. Suppose 27*m - c = 483. What is the highest common factor of 104 and m?
13
Let h(w) = -30*w + 9. Let d be h(6). Let j = -107 - d. Let o = 75 - j. What is the highest common factor of o and 11?
11
Suppose -v = m - 85, -138*v + 142*v + 5*m - 338 = 0. Calculate the greatest common divisor of 58 and v.
29
Let v be ((-44374)/(-66) - (-45)/5)/((-4)/(-6)). What is the highest common divisor of 21 and v?
7
Suppose 68*n + 80*n - 4419280 = 0. Calculate the highest common factor of n and 40.
20
Let m be (-52)/(-2) - -1*2. Let u be 5/(20/(-8))*-2. Let x(q) = -q**2 + 11*q - 14. Let t be x(u). Calculate the greatest common divisor of m and t.
14
Let p = 17662 - 10974. Calculate the highest common factor of 22 and p.
22
Let a(q) = -171*q**3 - 3*q**2 - 14*q - 67. Let h be a(-4). Calculate the highest common divisor of 35 and h.
35
Let k be (-2 + 1)/((-24)/96). Let m be -4*(7/(-1) + -1). Calculate the greatest common factor of k and m.
4
Let h be -8*(-1)/4*335. Let a = h + -229. Calculate the highest common factor of a and 63.
63
Let j be 4140/75 + (-4)/(-5). Let m = -36 + j. Let h be ((-784)/(-20))/1 - 4/m. Calculate the greatest common divisor of 39 and h.
39
Let x(i) = -28*i + 42 + 21 - 119 - 1 - 117. Let v be x(-7). Calculate the highest common factor of 352 and v.
22
Suppose -52*i + 5*i + 15980 = 0. What is the greatest common divisor of 12 and i?
4
Let j be (-8 + 198/8)/(2/56). Calculate the greatest common factor of j and 1072.
67
Suppose 7*y - 2694 = 4*y. Suppose -14*d + y = -26. Let o(c) = -9*c - 21. Let r be o(-6). Calculate the greatest common factor of r and d.
33
Let y be (-2)/5 + (-152)/(-5). Suppose 7 + 13 = 5*v, 0 = -2*f + 2*v + 316. Let c = f + -142. Calculate the greatest common factor of y and c.
10
Let k(q) = 429*q - 7715. Let m be k(18). What is the highest common factor of m and 257?
1
Let y(j) = -3*j - 5. Let z(m) = 3*m + 6. Let u(v) = -6*y(v) - 5*z(v). Let s be u(12). What is the highest common divisor of 27 and s?
9
Suppose 3*u = -4*x + 143, 0 = 5*x + 148*u - 150*u - 173. What is the highest common factor of x and 1945?
5
Let g = -43706 + 110501. Calculate the greatest common factor of 183 and g.
183
Let v = -1483 - -1925. Calculate the highest common factor of v and 102.
34
Let f be -1*(-10)/2 - -1645. Let p be ((6/9)/2)/(10/f). What is the greatest common divisor of 220 and p?
55
Let f(o) = 4*o**2 + 67*o - 213. Let b be f(-21). What is the greatest common divisor of b and 2232?
72
Let a(n) = 7*n**2 - 4*n + 44. Let z be a(6). Suppose 4*m - p - 177 = 155, -5*p = 3*m - z. What is the highest common factor of 112 and m?
28
Let i be (-168)/(-40)*(-6)/((-6)/(-65)). Let c = -245 - i. Calculate the greatest common factor of 84 and c.
28
Let k be 0/(-1) + (1 - -113). Suppose 69*w + 1016 = 73*w. Suppose -w*m + 12 = -252*m. Calculate the highest common factor of k and m.
6
Let v be -60*(-595)/408*(-760)/(-14). Calculate the highest common divisor of 76 and v.
38
Let a(i) = 16*i**2 - 446*i + 1768. Let j be a(4). Calculate